*3 - 16*b**2 + 2*b + 4. Let t be (104/468)/(4/288). Calculate d(t).
36
Let j = 2203/6 - 367. Let d(z) be the third derivative of -3*z**2 - 1/60*z**5 + 1/2*z**3 + 0*z + 0 + j*z**4. What is d(6)?
-9
Let o(s) be the second derivative of s**5/20 + s**4/2 + s**3 + 7*s**2/2 + 1213*s. Let v(b) = b + 2. Let w be v(-7). What is o(w)?
2
Let y(b) = 0*b + 10*b - 64 - 9*b + 69. Let z be (0 - -1) + 1 + 6. Let u = z + -12. What is y(u)?
1
Suppose r - 4*r = 5*n - 13, 2*r = -3*n + 10. Let v = -6 + r. Let t(s) = -s**2 + 3*s + 5. Determine t(v).
-5
Let k(l) be the third derivative of l**7/5040 + l**6/90 + l**5/6 + 16*l**2. Let z(a) be the third derivative of k(a). What is z(-6)?
2
Let u(h) = -2*h - 3 + 4 + 4*h. Let y be u(-3). Let w be 1/y - (-203)/(-35). Let k(t) = t**2 + 4*t - 6. What is k(w)?
6
Let t(s) = -s**2 - 2*s - 16. Suppose 0 = -x + 4*f + 20, 0*x = 4*x + 2*f + 10. Calculate t(x).
-16
Let w be 3 - (1 + -6 - -4). Let u(i) be the third derivative of i**4/8 - i**3 + 6*i**2. What is u(w)?
6
Suppose f - 12 = -2*f. Let j(v) = -3*v**2 - f*v**2 + 4*v**2 + 4*v**2 + 4*v. Let m(p) = -3*p**2 + 6*p - 5. Let z be m(2). Give j(z).
5
Let m(w) = -w - 12. Let t be m(-7). Let p(r) = -2*r - 6. Determine p(t).
4
Let n = 5 - 5. Let u(y) = 1658*y**3 + 0 - 1 - 1659*y**3 - y**2. Calculate u(n).
-1
Let n(c) = -4*c**2 + 1 + 9 + 5*c**2 - 8. Let r(a) = -a**2 + 10*a + 15. Let b be r(11). Suppose 0 = 5*m + b*p - 12, -m + 0*p + 3 = p. What is n(m)?
2
Let n(g) = 0 + 19*g + 0*g**2 + g**2 - 5*g + 18. Let c be n(-12). Let v(x) be the third derivative of x**5/60 + x**4/6 - x**3 + 2*x**2. Calculate v(c).
6
Let k(i) = -i**3 - i**2 + 3*i - 1. Suppose 3*m = -4*h - 59, 0 = 4*h - 2*m - 0*m + 54. Let l(u) = -u**3 - 15*u**2 - 16*u - 31. Let z be l(h). Give k(z).
8
Let c(q) = q**3 - 7*q**2 + 6*q + 5. Let t be (-4 - 21/(-6))*-12. Calculate c(t).
5
Let l be (-3)/(1/((-17)/3)). Suppose -p = -2*j + l, -p - 7 = -j + 3. Let g(v) = 8 - 6 + j + 4*v - 3*v. Give g(-5).
4
Let k(c) = c**2 + 8*c + 6. Let s(o) = -o**2 - 8*o - 5. Let i be s(-6). Suppose 5 + 30 = -i*w. Calculate k(w).
-9
Let h(d) be the second derivative of 5*d**3/6 - 7*d**2/2 + 128*d. Determine h(-4).
-27
Let w(c) = 7*c**2 - c - 1. Let d = 1282 - 1279. Determine w(d).
59
Let i(a) be the second derivative of -a**3/6 + 2*a**2 + 30*a. Let h = 43 - 31. Suppose 5*w - 3*g - h = 0, -2*g + 0*g = -2*w + 8. Give i(w).
4
Let g(d) = d + 22. Let n = 574 - 590. What is g(n)?
6
Let o = -966 + 967. Let k(t) = -6*t**2 - 3*t + 1. What is k(o)?
-8
Let i(w) = w**2 + w - 5. Let o be i(-2). Let n(j) = 2*j**2 + 4*j + 3. Determine n(o).
9
Let i(w) be the third derivative of w**5/120 + w**4/24 - w**3/2 - 13*w**2. Let h(p) be the first derivative of i(p). Determine h(6).
7
Let w(x) = 27*x**3 - 41*x**2 - 9*x + 34. Let r(k) = -5*k**3 + 8*k**2 + 2*k - 7. Let b(t) = -11*r(t) - 2*w(t). Determine b(6).
-15
Suppose -245 = -6*v - 71. Let y = v + -22. Let j(x) = -4*x + 10. Give j(y).
-18
Let j = -14 - -7. Let a(o) = o**3 + 4 - 37*o + 0 + 32*o + 6*o**2 + 1. What is a(j)?
-9
Let v(q) be the first derivative of q**2/2 - 13*q - 1. Let m = -5153 + 5159. Determine v(m).
-7
Suppose a + 2*k + 50 = -4*a, -4*k = -4*a - 40. Let p = 12 + a. Let u(l) = -2*l**2 + 3*l**2 - 4*l**2 + 4*l**p - 4 + 2*l. Determine u(-3).
-1
Suppose -7*r + 15 - 92 = 0. Let d(k) = k**3 + 12*k**2 + 10*k - 2. Give d(r).
9
Let a = -2 - -5. Let k(t) = t**3 - 7*t**2 + 9*t + 9. Let y be k(5). Let o(n) = -2. Let s(c) = -c + 3. Let d(m) = y*o(m) + 3*s(m). Determine d(a).
-8
Suppose 28*d + 23 = 5*d. Let z(s) = -5*s**2 + s + 2. Give z(d).
-4
Let g(t) be the first derivative of t**3/3 - 2*t + 54. Let l(k) = -4*k + 3. Let b be l(2). Let o(r) = r + 3. Let h be o(b). Determine g(h).
2
Suppose -11*q + 46 = 35*q. Let x(w) = 35*w**2 + 2*w - 1. What is x(q)?
36
Let o(j) = j**3 + 4*j**2 - 8*j - 6. Suppose 7*r + 187 = 152. Give o(r).
9
Let x(z) = z + 8. Let g be x(-8). Let v(a) = -5*a**2 + g*a**3 - a**3 + 2*a - 17 + 22. Calculate v(-5).
-5
Let u(z) = 7*z**3 + 6*z + 13. Let n(l) = 6*l**3 + 2*l**2 + 5*l + 12. Let k(v) = 6*n(v) - 5*u(v). Determine k(-12).
7
Suppose -c = -5*y - 9, -4*y + 16 = c + 4*c. Let t(a) be the first derivative of 5*a**2/2 - 15. Determine t(y).
-5
Let q = 6 + 1. Let l = 6 - q. Let t(j) = -21*j**2 + 11*j - 9. Let v(m) = -11*m**2 + 6*m - 5. Let d(f) = -6*t(f) + 11*v(f). Calculate d(l).
4
Let z(v) = -4*v + 1. Suppose 7*s + 66 = 24. Let a(b) = 9*b - 3. Let g(y) = s*a(y) - 14*z(y). What is g(-2)?
0
Let r(h) = h**2 + h + 7. Let s be -1 + (-2 + 6 - -2). Suppose -s*v = -4*a + 10, 0 = a + 2*a - 4*v - 8. Give r(a).
7
Let r(n) be the third derivative of n**6/120 + n**5/20 + n**4/6 - n**2 - 515*n. Give r(-2).
-4
Suppose -q - 3*q + 5*k = -16, 0 = q - 5*k + 11. Let t(o) = o**2 - 9*o + 1. Calculate t(q).
1
Let k(t) be the first derivative of -t**4/4 + 10*t**3/3 + t**2/2 + 3*t + 283. Give k(10).
13
Let t(c) = -2*c**3 + 36*c**2 + 79*c + 7. Let x be t(20). Let i(h) = -h**2 - 10*h + 17. Give i(x).
-22
Let w(t) = t**3 + 5*t**2 + 4*t - 4. Let b be w(-4). Let o(z) be the first derivative of 11 - 33*z - z**2 - 37*z + 70*z. Determine o(b).
8
Let n(z) = 7*z**3 + 2*z**2 - 16*z - 4. Let t(r) = -6*r**3 + 15*r + 4. Let m(p) = -5*n(p) - 6*t(p). Give m(11).
7
Let o be (3 - 28/16)*4. Suppose -o*n - 4 = -14. Let s(l) = 3*l + 0*l - 2 - 3*l**2 - l**3 + n*l**2. What is s(2)?
-8
Let h be ((-1)/2)/(9/(-54)). Suppose h*t = 5*b + 3 + 31, -3*t - 4*b = 11. Let y(j) = 0*j - 4*j - 2 + 6*j. Give y(t).
4
Let d(n) be the first derivative of -n**2/2 + 3*n - 25. Let b = 7 + -4. Calculate d(b).
0
Let l(d) = -44*d**2 - 7 + 7 + 43*d**2 - d. Calculate l(-2).
-2
Let z(h) = h**2 + 4*h - 7. Let i be -6 - (11 + -3 + -17). What is z(i)?
14
Suppose s + 2*k - 3 = 3*k, -3*s - 4*k = 26. Let c(f) = -f**2 - 3*f - 2. Let i be c(s). Let t(u) = 5*u - 6*u + i*u. Determine t(4).
-4
Suppose 2*o - g - 183 = 253, 436 = 2*o - 4*g. Let n(y) = o*y - 111*y - 8 - 110*y. Give n(-6).
10
Let l(s) = -s + 35. Let b = 1542 + -1542. Determine l(b).
35
Suppose -3*t = 2*c - 9, -10 = -14*c + 11*c - t. Let m(l) = 7*l**2 - 6*l + 7. Determine m(c).
52
Let j(o) = -o**2 - 6*o. Suppose -u - 12 = u + 2*l, -u - 2*l - 11 = 0. Let t be -4 - (0 - u) - 2. Calculate j(t).
-7
Let z be (6/11)/((-34)/(-187)). Let u(a) = -a**2. Give u(z).
-9
Let f(x) = -x**3 + x**2 + 2*x + 1. Let y(d) = 6*d**3 + 8*d**2 - 22*d + 13. Let p(w) = -5*f(w) - y(w). What is p(-14)?
10
Let v(c) = c**3 - 7*c**2 - 4*c - 11. Let l be v(8). Let f(p) = p + 32. Let x be f(-13). Let z = x - l. Let h(d) = -2*d**3 - 2*d**2 + 2*d + 2. What is h(z)?
6
Let q = -274 + 154. Let b = 114 + q. Let v(w) = w**2 + 5*w - 3. Give v(b).
3
Suppose -8*v + 90 = -10*v. Let m be 2/(-5) - 153/v. Suppose 2*p = -m*p + 10. Let g(k) = -k**2 - 4*k + 3. Give g(p).
-9
Let k(a) = 3*a**3 + a**2. Let m = 37 - 36. Determine k(m).
4
Let y(h) be the second derivative of h**4/12 - h**2/2 + h - 55. Determine y(3).
8
Let j(h) be the first derivative of -h**5/120 + h**4/12 + 14*h**3/3 + 25. Let p(k) be the third derivative of j(k). Calculate p(-2).
4
Let b(u) = 12*u**3 + 1. Let y = -1310 + 1309. Give b(y).
-11
Let v(c) = -c. Suppose 0 = -3*t - 5*w + 23, -t + 3*w - 18 = -7. Calculate v(t).
-1
Suppose -3*n - 15 = 0, 2*n = -4*o - o. Let g(w) = 2*w - 4*w + 2*w**o - 66*w**3 + 65*w**3 + w. Determine g(2).
-2
Suppose -5*j = -4*k - 36, -k + 18 = 2*j + k. Suppose -2*c = -4*w - j, -2*c + 2 = -w - w. Let f(l) = l**3 + 2*l**2 + l + 3. What is f(w)?
-9
Let m(l) = l**3 + 2*l**2 - 1. Let x(q) = 2*q**3 + 8*q**2 - 4. Let r(i) = -5*m(i) + x(i). Give r(-2).
17
Let h(u) = -u**3 + 3*u**2 - u - 2. Let j = 18 + -13. Suppose -q = -3, -2*d + j*q - 7 = 36. Let z(m) = -m**2 - 15*m - 11. Let v be z(d). Determine h(v).
-5
Let t(y) = 30530*y**2 + 16*y - 30548*y**2 + y**3 + 1 - 2 + 11. Calculate t(17).
-7
Let c be ((-32)/(-12) + -2)*33. Suppose -c = 5*o - 2. Let r(j) = j**3 + 3*j**2 - j - 3. What is r(o)?
-15
Let o(r) = -r**2 + 4*r + 4. Suppose 204*u - 199*u = 10. Suppose 5*b = -15, -5*q + 10 = 3*b + u*b. Calculate o(q).
-1
Let g(m) be the second derivative of -2*m**5/5 - m**4/12 - m**3/6 + m**2 - 482*m. What is g(1)?
-8
Let c(n) = 9*n**3 - 29*n**2 - 2*n - 5. Let b(f) = 5*f**3 - 17*f**2 - f - 3. Let r(q) = 5*b(q) - 3*c(q). Calculate r(2).
-6
Let w = -2 - -15. Let b be -16 + w - (-1 - 1). Let c(s) = -6*s**3 - 2*s**2 - 